(n) = 31*n**2 + 23*n + 65. What is the hundreds digit of m(-5)?
7
Suppose 0 = 3*r - 106 + 16. Let t(c) = c + 4. Let j be t(1). Suppose -r - 205 = -j*p. What is the units digit of p?
7
Let r be (-1 - 6/(-3))*4. Suppose -3*v - 4 = -r*v. Suppose 15*g = 13*g + v. What is the units digit of g?
2
Suppose 3*p + 15 = 0, -w + 2*p + 140 = -p. Suppose 3*d - w - 40 = 0. What is the units digit of d?
5
Let c(u) = -u**3 + 5. Let f be c(0). Suppose f*k - 36 = k. Suppose -4*x - 3*h - 24 = -9*x, 3*h + k = 0. What is the units digit of x?
3
Let l be 8/20 - 5/(50/(-876)). Let s = -77 + l. What is the tens digit of s?
1
Let w be 88 + -10 - (-1 - 1). Suppose -3*n = -w - 262. What is the hundreds digit of n?
1
Suppose 0 = -2*v + 4*g + 4104, -2*v - 12*g = -10*g - 4134. What is the thousands digit of v?
2
Suppose 17*j - 3245 = 40717. What is the hundreds digit of j?
5
What is the units digit of -2*(963/(-4))/(27/18)?
1
Let f = 46 - 52. What is the tens digit of 7*(-4)/f*(-18)/(-7)?
1
What is the units digit of ((-28)/21)/((-12)/4266)?
4
Suppose -l + 5*w = 2*l + 11, -4*w + 10 = -2*l. Suppose 2*q + l*s + 272 = -2*q, 2*q + 122 = 2*s. Let d = q + 92. What is the tens digit of d?
2
Suppose -3*l + 4*l = 324. Suppose 3*j - 3*y - l = 0, j - 113 = -0*j + 2*y. What is the units digit of j?
3
Let m be 5/(-2)*(1 - (6 - 3)). Suppose 5*d - 150 = -5*h, 5*h - h + 123 = m*d. What is the tens digit of d?
2
Let f be (-3)/(-7) + (-4)/((-28)/(-17)). What is the units digit of 9*1/3 - 0/f?
3
Suppose 2*s = -4, 101*q - 3*s = 105*q - 182. What is the units digit of q?
7
Let h(x) = -x - 3. Let v be h(3). What is the units digit of 8*(4/v - (-145)/60)?
4
Let h = -1 - -6. Suppose -13 = t - h*v, 5*v - 45 = -3*t - 4. Suppose 0 = 3*o + 5*c - 54, o + c - t = 3*c. What is the units digit of o?
3
Let w = 2769 + -1567. What is the tens digit of w?
0
Let g = 17 - 13. Let s be ((-3)/((-6)/g))/1. Suppose 4*m - s = 2. What is the units digit of m?
1
Let v = -61 - -237. Suppose -n + 4 = 0, 6*a + 2*n = 2*a + v. What is the units digit of a?
2
Let c = 17 - 20. Let h be -8*(c - (-28)/8). Let v(z) = -13*z - 5. What is the units digit of v(h)?
7
Suppose -z - 1 = -3. Suppose -2*m - 1310 = z*i, 2*i + m = -0*m - 1306. What is the tens digit of (i/(-28))/((-6)/(-16))?
6
What is the units digit of 51/(-119) + (-4700)/(-7)?
1
Let w(c) = c**2 - 10*c - 34. Let y be w(13). Let j be 24/(-10)*10*-1. Suppose 134 = y*b + j. What is the tens digit of b?
2
Let a be ((-6)/(-9))/((-2)/21). Let t(i) = -16*i - 5. What is the tens digit of t(a)?
0
Let v = 11 + -9. Suppose -3*p = p - 8, 0 = b + v*p - 8. Let d = b + 8. What is the tens digit of d?
1
Let p = -910 + 1403. What is the hundreds digit of p?
4
Suppose -5*f + k - 5*k = -2596, 3*k = 4*f - 2052. What is the hundreds digit of f?
5
Suppose 3*n + 5 = 2*n. Let k(p) = 2*p**2 + p - 2. What is the tens digit of k(n)?
4
Let j be (-254)/4*(0 + -2). Let z(x) = -x**2 + 9*x - 51. Let u be z(10). Let m = j + u. What is the tens digit of m?
6
Let u = 169 + -95. Let g be (-1)/(135/70 - 2). Suppose -2*r = -u + g. What is the units digit of r?
0
Let w be ((-3)/9)/((-2)/(-6))*-7. Let k(q) = q**3 - q + 4. Let d be k(0). Suppose -97 = -d*u + w. What is the tens digit of u?
2
Let g be 3/2*56/2. Suppose 0 = 5*l + 5, -2*l - 16 + 23 = -f. Let s = f + g. What is the units digit of s?
3
Let c = 8 - 0. Let a(m) = -5*m - 12. Let u be a(c). Let w = u - -91. What is the tens digit of w?
3
Suppose -2*c + 5*b + 30 = 0, 2*c - 8 = b + 6. Let q(r) = -2*r**3 - 14*r**2 - 10*r + 3. Let p be q(-7). Suppose -7 = -c*i + p. What is the units digit of i?
6
Let w(a) = 1. Let d(i) = -43*i**2 + i. Let o(m) = -d(m) - 3*w(m). What is the hundreds digit of o(2)?
1
Let o(c) = 6*c**2 - 8*c + 7. Let t = 100 + -95. What is the units digit of o(t)?
7
Let v = 399 - 223. What is the tens digit of v?
7
Let d = 26 + 7. Suppose 0 = -z - 4*l + d, z - 5*l - 3 = -15. What is the units digit of (-4)/26 - (-41)/z?
3
Let o = -741 - -1276. What is the tens digit of o?
3
Let k(y) = -970*y + 20. What is the units digit of k(-1)?
0
Let w(r) = -4 + 7 + 2 - 10*r + 1. Let u be w(-5). Suppose 5*z + 162 - u = 4*i, -3*i - z + 70 = 0. What is the tens digit of i?
2
Let p(g) = -g**3 + 9*g**2 + 11*g + 7. Let r = 58 + -33. Let m = 35 - r. What is the tens digit of p(m)?
1
Let f(j) = 4*j**2 + 18*j - 6. Let a(q) = 11*q**2 + 53*q - 19. Let o(h) = -3*a(h) + 8*f(h). What is the tens digit of o(-11)?
5
Suppose -225 = -2*p + 413. Let x = -221 + p. What is the tens digit of x?
9
Suppose 4*w + 42 = -2*x, 5*w = w - 12. Let v = x + 41. What is the units digit of v?
6
Let a(v) = -14*v - 9. Let k = 9 + -6. Suppose -3*b - b + q - 15 = 0, -k*q = -4*b - 5. What is the tens digit of a(b)?
6
Let h(s) = -57*s + 69. Let v be h(-22). Suppose -6*c - c = -v. What is the units digit of c?
9
Let w(h) = -h + 15. Let u be w(13). Suppose 0 = 3*m - y - 102, u*m = -5*y + 34 + 34. What is the units digit of m?
4
Let s = 1 - -1. Let n be (-34)/(-1) - s - 2. Suppose -n = -7*i + 6*i. What is the units digit of i?
0
Let f(n) = -2*n**2 + 61*n + 31. What is the tens digit of f(27)?
2
What is the tens digit of ((-95)/4)/(-5)*92?
3
Let s = 1410 - 481. What is the tens digit of s?
2
Let v be (-2)/(-2 + (6 - 5)). Let r(b) = -b**2 - 7*b - 1. Let i be r(-5). Let u = i - v. What is the units digit of u?
7
Let n(t) = 40 + 44 - 81 + 19*t - t**2. What is the tens digit of n(7)?
8
Let j be (-8)/(-20)*4*20. Suppose s - j = -0*s. Let h = 7 + s. What is the units digit of h?
9
What is the hundreds digit of (-102072)/(-162) + 6/(-81)?
6
Let l(p) = p**2 + 2*p. Suppose -5*i + 4 = k, -3*k + 5*k = -3*i + 8. Let q be l(i). Let b(f) = f**3 + f**2 + 2*f + 10. What is the tens digit of b(q)?
1
Let r be 8210/22 + 8/(-44). Suppose 4*p + 3*t = r, p + 3*p - 372 = -4*t. What is the tens digit of p?
9
Suppose -10 - 18 = 2*d - 4*n, 4*d + 4*n = -20. What is the units digit of 35 + (2 - d/(-2))?
3
Let i(d) = -d**2 - 12*d + 5. Let v be i(-13). Let m = v + 12. What is the units digit of (0 + -3)*m/(-4)?
3
Let v(h) = 2*h**2 + h + 2. Let i be v(-2). Suppose -s + 2*s = i. Suppose -40 = -4*k + s. What is the units digit of k?
2
What is the units digit of (-3 + -203 - 1)/(3/(-2))?
8
Suppose -8 = -2*k + 6. Suppose -24 = -33*z + 21*z. Let b = k - z. What is the units digit of b?
5
Let c = 699 - 618. What is the tens digit of c?
8
Let x(q) = -109*q - 22. Let w be x(-3). Suppose 3*j = -2*p + w, 2*p - 179 - 130 = j. What is the tens digit of p?
5
Let q(f) = f**2 + 1. Let t be q(-1). Suppose -t*u + 3*j = -58, -76 = -3*u - 5*j + 4*j. What is the units digit of u?
6
Let z(x) = 143*x**3 + 5*x**2 + 10*x - 40. What is the hundreds digit of z(3)?
8
Let r(g) = -g**3 + 4*g**2 - 4*g + 3. Let l be r(2). Let x(h) = -6*h - 1. Let n(o) = -o**2 - o - 1. Let k(b) = -3*n(b) + x(b). What is the units digit of k(l)?
0
What is the units digit of 20/(((-1)/(-3))/((-1494)/(-108)))?
0
Let d(y) = -y**3 - 8*y**2 + 8*y + 5. What is the hundreds digit of d(-13)?
7
Let s(m) = m**2 - 2*m - 107. What is the tens digit of s(-31)?
1
Let s(r) = -13*r - 7. Let i be s(4). Let j = i - -82. What is the tens digit of j?
2
Suppose 3*h = 73 + 158. Let l = 197 - h. What is the units digit of l?
0
Let p = -29 - -40. Suppose 5*b + 600 = p*b. What is the hundreds digit of b?
1
Suppose 175 = s + 27. What is the units digit of s?
8
Suppose 5*h = -j + 231 + 186, 5*h = 5*j - 2055. Suppose -38*c = -42*c + j. What is the hundreds digit of c?
1
Let d = 45 + 189. What is the hundreds digit of d?
2
Let l(m) = 3*m**2 + m - 1. Let n be l(1). Suppose -4*x = -2*d + 60, d - n - 18 = 5*x. What is the units digit of d?
6
Let y = -151 + -38. Let d = y - -426. What is the tens digit of d?
3
Suppose -3*d + 5 - 68 = 0. Let o = -16 - d. Suppose -4*f + o*f - 62 = -j, -f = 2*j - 66. What is the tens digit of f?
5
Let m(d) = -2*d + 21. Let r be m(9). Suppose g - 13 = 5*o + 8, 2*o = r*g - 24. What is the units digit of g?
6
Let m be 6/12 + (-255)/(-2). Suppose -4*f = -5*t + 765, -3*t + 587 - m = -f. Suppose -6*h + t = 33. What is the units digit of h?
0
Let m(t) = -t**2 + t + 7. Let g be m(3). Suppose -a + 7 = z, -2*a + 3*a + g = -3*z. Suppose -3*n + 119 = a. What is the tens digit of n?
3
Suppose 5*k + 9 = v - 5, 2*v - 3*k = 14. Let f = v - -29. What is the tens digit of f?
3
Let o(x) = -x**2 